hat is the tens digit of q?
1
Let t = -2 - -9. What is the units digit of t?
7
Let t be (3/12)/((-2)/(-136)). Let z = 40 - t. What is the tens digit of z?
2
Suppose 0*n = 5*n. Suppose 0*s - s + 13 = n. Suppose 0*a = -a + s. What is the tens digit of a?
1
Suppose -r - 19 = -4*q - 3, 2*r + 2 = -2*q. Suppose -q*g - 33 = -4*g. What is the units digit of g?
3
What is the tens digit of -4*(-4)/6*(37 - 1)?
9
Let n(f) = f**3 - f**2 - f + 20. What is the tens digit of n(0)?
2
Suppose -4*h + 9*u = 4*u + 22, 2*h - 2*u + 10 = 0. Let v = 5 + h. What is the units digit of 33/2 + 1/v?
7
Let q(c) = -5*c**3 + 2*c**2 + 7*c + 10. What is the hundreds digit of q(-3)?
1
What is the units digit of ((-120)/(-28))/((-1)/(-7))?
0
Let r = -134 + 394. What is the tens digit of r?
6
What is the tens digit of 8/(-12) - 256/(-6)?
4
Suppose -c + i + 14 = 5*i, 4*i = -5*c + 118. What is the tens digit of c?
2
Let z be ((-46)/3)/(3/9). Let a be z/(-1)*2/4. Let f = -8 + a. What is the tens digit of f?
1
Let m(n) = -n**2 + 6*n + 9. Let y(x) = x**2 + 9*x + 3. Let r be y(-9). Suppose 2*p = -f - 3, -2*f = -p - r*p - 34. What is the units digit of m(f)?
2
What is the units digit of (45/(-10) - -4)/((-1)/2)?
1
Let q = 48 + -24. What is the units digit of q?
4
Let r be (-1 + (-8)/(-4))*5. What is the units digit of 6/(-15) - (-102)/r?
0
Let z be 4/6*(4 - 1). What is the units digit of 19/z - (-6)/4?
1
What is the units digit of 6/((-30)/(-385)) + -3?
4
Suppose 32 = 4*t + 4*d, -4*t + 0*t = d - 23. What is the units digit of -2*t/(30/(-9))?
3
Suppose 2*m + 2*m + 5*f + 25 = 0, 2*f + 10 = -3*m. Let o(g) = 25*g + 2. Let j be o(2). Suppose -k - 3*k + j = m. What is the tens digit of k?
1
Let w be (3/9)/(2/114). Suppose 2*q - 21 = w. What is the units digit of q?
0
Let t = -222 + 319. What is the tens digit of t?
9
Suppose -2*l - 1 = -5*j + 177, 2*j = -2*l + 60. What is the tens digit of j?
3
Let r be 2*(-3)/((-24)/964). Suppose r = 4*o + 93. What is the tens digit of o?
3
Suppose -2*d = 2 - 4. What is the units digit of (d/3)/(4/24)?
2
Let b(d) = -5*d - 9. What is the tens digit of b(-6)?
2
Let j(s) = -3*s + s**3 - 2 + 3*s**2 + 5 + 5*s - 1. Let p = 3 + -5. What is the units digit of j(p)?
2
Let b be 14/6*(-12 - -15). Suppose -b = -2*a + 55. What is the units digit of a?
1
Let o(w) = -w**3 - 25*w**2 - 28*w + 22. What is the tens digit of o(-24)?
1
Let m be 2/((-1)/(7/2)). Let r be 4/(-26) - (-80)/520. Let x = r - m. What is the units digit of x?
7
Let o = -13 + 5. Suppose -50 = -3*b + 5*c - 1, 0 = 4*b + 5*c - 7. What is the units digit of 2/o - (-58)/b?
7
What is the tens digit of (1 + -2 + 0)*(-152 - -8)?
4
Let h = -4 - -3. Let c be h + 4 + (-1 - 0). Suppose -c*a = -a - 2. What is the units digit of a?
2
Suppose -5*w + 20 = -4*w + 3*m, 5*m = -25. What is the tens digit of w?
3
What is the units digit of ((-11985)/(-12))/5 + (-27)/36?
9
What is the tens digit of (-2905)/(-28) + -8 - (-2)/8?
9
Let k be (0 + -5)*(-48)/30. Let i = 19 - k. What is the tens digit of i?
1
Suppose -2*v + 5*a + 9 = 0, 4*a - 2*a = 5*v - 12. Suppose 2*l = l. Suppose l = i - 4 - v. What is the units digit of i?
6
Suppose 0 = 4*d - 6*d + 4. Suppose -24 = -d*n + 6*n. What is the units digit of (-6)/(27/n - -3)?
4
Let w(m) = -1 - 4 + 6. Let j(z) = z. Let h(p) = -j(p) + 5*w(p). What is the units digit of h(3)?
2
Let u be 0/(-2) + 2 + -2. Suppose -o + 1 + 2 = u. What is the units digit of o?
3
Let d = -5 - -4. Let f(b) = 5*b**2 - 2*b - 1. Let q be f(d). Suppose 0*t = t - 3*u - q, -2*t = -3*u - 21. What is the units digit of t?
5
Let b be (-15)/(-6) + 1/2. Suppose 3*k + b*u - 11 = k, -4 = 4*u. Let p = k + -2. What is the units digit of p?
5
Let a(n) = 3*n**2 + n - 2. Let c be a(-3). Suppose -3*l + c = 7. What is the units digit of l?
5
Let n = -29 - -67. Suppose -2*t + n = -6. What is the tens digit of t?
2
Let p(o) = -4*o - 9. What is the units digit of p(-15)?
1
Let c(q) = -2*q + 5. Let j be c(-5). Suppose -5*y = -j - 5. Suppose -y*x + 1 + 3 = 0. What is the units digit of x?
1
Suppose 0*l = -2*l - 16. Let n(y) = -y**3 - 7*y**2 + 7*y - 10. Let h be n(l). What is the units digit of 4/(-2)*-3 - h?
8
Suppose 0 = -t + 3*t - 574. What is the units digit of t?
7
Suppose 4*x + 61 = -3. What is the units digit of (-28)/x*1*16?
8
Let n(i) be the third derivative of -i**4/24 - i**3/6 - 2*i**2. Let v be n(1). What is the units digit of (-1)/(-2)*(v - -8)?
3
Suppose -12*q = -17*q + 145. What is the tens digit of q?
2
Let l be -3 + 3 - (3 + -36). Let v = l - -13. What is the tens digit of v?
4
Suppose -2*n + 131 = 5*r - 318, r - 429 = -2*n. What is the units digit of n?
2
Let p = -75 + 127. What is the units digit of p?
2
Suppose -2*z = z - 3. Let x be z/4 + (-4)/16. Let j(b) = b**2 + b + 3. What is the units digit of j(x)?
3
Suppose 0 = 4*c - 902 - 126. What is the units digit of c?
7
Suppose 0 = 5*i + 2*l - 12, -i + l - 2 = -3*l. Suppose 0 = -5*u - 8 - i. What is the units digit of 16 + u*(-3)/6?
7
Suppose 16*g = 6491 - 1387. What is the hundreds digit of g?
3
Let u(d) be the third derivative of -d**5/60 - 7*d**4/12 - 4*d**3/3 - d**2. Let l = 5 - 18. What is the units digit of u(l)?
5
Let t be 2/(-8) + 10/8. Suppose n + t = 21. Suppose 2*r + 3*r = n. What is the units digit of r?
4
Let u be 2 + (105/10)/((-6)/16). Let h = 122 - 77. Let w = u + h. What is the tens digit of w?
1
Suppose 28 = g - 2*j, -3*j + 6*j = -5*g + 140. What is the units digit of g?
8
Suppose -5*k + 12 = -2*k. Let w = 13 + k. What is the tens digit of w?
1
Let o = 5 - 5. Suppose -4*u + 4*y = -32, o = -4*y - 11 + 3. Suppose u = -c + 4*c, 5*c + 25 = 5*t. What is the units digit of t?
7
Let p(i) = i**3 + 6*i**2 - i - 8. Let n be p(-6). Let h be (5/2)/(n/4). Let w = -1 - h. What is the units digit of w?
4
Suppose -328 = -5*j - 73. What is the tens digit of j?
5
Suppose 752 = 5*t + n, 2*t + n - 6*n = 290. What is the units digit of t?
0
What is the units digit of (-3 + 2)*2*-21?
2
Let q(x) = -x**3 + 5*x**2 + 9*x - 6. Let w(s) = -s**3 + 5*s**2 + 8*s - 6. Let l(i) = -5*q(i) + 6*w(i). What is the units digit of l(5)?
9
Let d(c) = c**2 + 5*c - 1. Let r = 32 + -47. Let q = r - -9. What is the units digit of d(q)?
5
Let i = 3 - 4. Let x be (0 - -2)*-1 - -6. Let d = x + i. What is the units digit of d?
3
Suppose 0 = -5*d + 16 + 9. Let h(r) = 13*r - 5. Let y be h(d). Suppose -5*i = 5 - y. What is the tens digit of i?
1
Suppose 12 = 3*k + 2*r - r, -r - 28 = -5*k. Suppose 6 = 2*m + 2*i, -3*m - k*i + 3*i + 13 = 0. What is the units digit of m?
7
Suppose -g = -5*g + 8. What is the units digit of g?
2
Let l be (-1 - 11)*(-15)/6. Let b = l + -7. What is the units digit of b?
3
Let m = 0 - 3. Let x = m - -1. What is the units digit of ((-7)/x)/(3/6)?
7
Suppose 5*j = -5*t - 9 + 34, t - 4*j = -5. Suppose -2*x + 0 = 2*r + 14, 0 = -2*r - t*x - 16. Let s = r + 10. What is the units digit of s?
5
Suppose -104 = -4*y - f, -38 = 2*y - 4*y + 3*f. Suppose 0 = -2*o - 5*z + 60, -z = 4*o + y - 181. What is the units digit of o?
0
Let l = -5 - -9. Suppose 56 = 7*s - 3*s. Suppose -l*k - s = -2*t - 0*t, -2*t + 24 = k. What is the tens digit of t?
1
Suppose -46 - 15 = -3*u - h, -u - 3*h + 23 = 0. Suppose -2*l + u = -0*l. What is the tens digit of l?
1
Suppose -5*j + 63 = m, -12 = 5*j + 4*m - 84. Suppose -49 + j = -f. What is the tens digit of f?
3
Let f(w) = -w**2 + 8*w - 1. Let x be (-176)/(-28) + (-2)/7. What is the tens digit of f(x)?
1
Suppose -z + 4*z = 12. What is the units digit of 106/z - (-12)/8?
8
Let h(l) = l**3 - 6*l**2 - 12*l + 3. What is the tens digit of h(8)?
3
Suppose 3*k = 2*d - 3*d, 0 = 3*d + k - 32. What is the units digit of d + (1 - -1)/(-2)?
1
Let a(z) be the second derivative of -z**3/6 + 7*z**2/2 - z. Suppose -4*c = -2*c + 10. What is the tens digit of a(c)?
1
Let f(a) = 15*a - 1. Let t be f(1). Suppose 3*z - 10 = -31. Let n = z + t. What is the units digit of n?
7
Suppose -5*m + 264 = -k, 2*k = k - 4. What is the tens digit of m?
5
Let d(a) = 214*a - 14. What is the units digit of d(1)?
0
Let d be (-6)/(-27) - 4/18. Let w be d/(-1) - -1 - -4. Suppose v = 3 + w. What is the units digit of v?
8
Let l be (1 - -3)/(-8 + 9). Suppose -l*z + 44 = -36. What is the tens digit of z?
2
What is the tens digit of 60 - (3 - (10 + -3))?
6
Let i = 1 - -1. Suppose 4*d = i*d + p + 48, -3